0 - 1000?
-12002221120020
In base 15, what is 1947 - -2715?
415c
In base 2, what is -11001010111111110100011 + 1000?
-11001010111111110011011
In base 12, what is -5 - 115b211?
-115b216
In base 13, what is 46a + -5557?
-50ba
In base 13, what is -11a5 - 34?
-1209
In base 6, what is 103520434 + 15?
103520453
In base 5, what is 10 - 4432413032?
-4432413022
In base 10, what is -80658 + 18?
-80640
In base 10, what is -28077 - 1049?
-29126
In base 4, what is 3233200313 + 11?
3233200330
In base 8, what is 3203 - -13713?
17116
In base 15, what is 5223e + -21?
5221d
In base 7, what is 14461234 + 34?
14461301
In base 9, what is -3 - 48252663?
-48252666
In base 7, what is -102463105 - -3?
-102463102
In base 7, what is 522 + 1636252?
1640104
In base 5, what is 234334113404 + -10?
234334113344
In base 2, what is 111010001 + -10011100000101010000?
-10011011111101111111
In base 11, what is -299 + -1718?
-1a06
In base 7, what is -555650 + 300?
-555350
In base 11, what is -9514136 + 4?
-9514132
In base 6, what is -20 + 21522521?
21522501
In base 16, what is -10f9c + -2ad?
-11249
In base 15, what is 4 + 59927b?
599280
In base 7, what is 11125061160 + 3?
11125061163
In base 9, what is -1 + -17542280?
-17542281
In base 12, what is -3852 - 36a09?
-3a65b
In base 14, what is -5a + -3c101b?
-3c1077
In base 3, what is 10 - 102100121212?
-102100121202
In base 15, what is -4 + -13cc98d?
-13cc992
In base 2, what is 1001101 + 10101000101000101?
10101000110010010
In base 12, what is 2001 + 1134?
3135
In base 7, what is 10400405 - 63?
10400312
In base 11, what is 819aa84 - -2?
819aa86
In base 5, what is -240 - -2220201131?
2220200341
In base 15, what is 21c6a - -b3?
21d2d
In base 9, what is -517584 - 157?
-517752
In base 7, what is -21440112 + 114?
-21436665
In base 7, what is -6 + -2424562161?
-2424562200
In base 9, what is -27 + -44145017?
-44145045
In base 16, what is -1171dc + -4?
-1171e0
In base 5, what is 1113221 + 14203?
1132424
In base 5, what is -4220133333 + 30?
-4220133303
In base 6, what is -4 + 12220215401?
12220215353
In base 6, what is 0 + -355222510?
-355222510
In base 7, what is -341 + 461334?
460663
In base 15, what is -13 - -13b78e2?
13b78ce
In base 13, what is 6 - 4b9998?
-4b9992
In base 8, what is 426014103 + 5?
426014110
In base 12, what is 44 - 4718201?
-4718179
In base 7, what is 4125232 + -146?
4125053
In base 16, what is 14ecd + -4f?
14e7e
In base 7, what is 4256125505 - -3?
4256125511
In base 15, what is -58 - 35a1?
-3609
In base 6, what is -441 - -140330?
135445
In base 6, what is -134441 - 320124?
-455005
In base 9, what is -8626 + -30775?
-40512
In base 8, what is 171121 + 4364?
175505
In base 5, what is -12422100400 - 0?
-12422100400
In base 4, what is 1301030 + 220231?
2121321
In base 5, what is -14014 + -113332433?
-113402002
In base 10, what is -51186195 - -3?
-51186192
In base 11, what is 18533928 - -7?
18533934
In base 4, what is -2 - -122330100330?
122330100322
In base 15, what is 2d33 + -9da?
2348
In base 4, what is 11 - 101211212310?
-101211212233
In base 5, what is -41232212 - -1?
-41232211
In base 15, what is 2 - -bc3b8b1?
bc3b8b3
In base 10, what is -240832 + 71?
-240761
In base 7, what is 3612051 - -410?
3612461
In base 8, what is 10570530 - 1?
10570527
In base 6, what is 101 - -1240502?
1241003
In base 4, what is 0 - -12300000312111?
12300000312111
In base 14, what is -b6a8 + -11b?
-b7c5
In base 14, what is -2b4 - 32a?
-600
In base 6, what is -1 + -1030132512?
-1030132513
In base 11, what is -31314 + a02?
-30412
In base 6, what is -11035340 + 122?
-11035214
In base 4, what is 202 - 230020120021?
-230020113213
In base 12, what is -5 - -953132?
953129
In base 7, what is 4 - -106231644?
106231651
In base 16, what is 4ee + -65a?
-16c
In base 16, what is -2d9 + 15c0d?
15934
In base 16, what is 9 - 49b9e2?
-49b9d9
In base 6, what is 44 - -414115350?
414115434
In base 10, what is 3187 + 297808?
300995
In base 11, what is -260105 + 4?
-260101
In base 15, what is -3 + -279b5c0?
-279b5c3
In base 15, what is a8e40 - 5?
a8e3a
In base 5, what is -3203114 - 11434?
-3220103
In base 11, what is 36 + 749642?
749678
In base 8, what is -4423310 + 133?
-4423155
In base 13, what is -259cc - -75?
-25957
In base 7, what is 420036540 + 2?
420036542
In base 15, what is -129 + -82012?
-8213b
In base 2, what is -10100 - 1000111011000101?
-1000111011011001
In base 3, what is 2 + 1001200012022201?
1001200012022210
In base 14, what is 76 + 1c6662?
1c66d8
In base 16, what is -261f4a7 + 4?
-261f4a3
In base 10, what is -4321033 + -3?
-4321036
In base 14, what is 15966c - -451?
159abd
In base 13, what is 38 + -4590510?
-45904a5
In base 8, what is 1207 - 317071?
-315662
In base 5, what is -4 - 20343334021?
-20343334030
In base 9, what is 15 - -1585755?
1585771
In base 10, what is -8 - 56489857?
-56489865
In base 8, what is 10440 - 32073?
-21433
In base 14, what is 4b - 1b848?
-1b7db
In base 15, what is -1e482 - 10?
-1e492
In base 4, what is 0 - 110132022122?
-110132022122
In base 3, what is 100001122122021 - 12?
100001122122002
In base 14, what is 1 + 99093a9?
99093aa
In base 9, what is 28815255 - -3?
28815258
In base 7, what is 1165 + -30?
1135
In base 4, what is 3 - -21200110032203?
21200110032212
In base 3, what is 2002100202012 + 10001?
2002100212020
In base 12, what is 3b - 115721?
-1156a2
In base 7, what is 555 + 20530013?
20530601
In base 2, what is -110010011 + -1111000100100?
-1111110110111
In base 5, what is -3304 - 31300023?
-31303332
In base 10, what is -44677 + 648?
-44029
In base 8, what is -6 - -1200124767?
1200124761
In base 4, what is -3032 - 1023311220?
-1023320312
In base 3, what is -1 - -12112010102121?
12112010102120
In base 16, what is -4401 + -f0?
-44f1
In base 13, what is -371a - -2c8?
-3422
In base 12, what is -13630b20 + 2?
-13630b1a
In base 4, what is -1122012020332110 - -3?
-1122012020332101
In base 8, what is 14355 + 24557?
41134
In base 10, what is -499829 + 164?
-499665
In base 12, what is -339734 + -1?
-339735
In base 12, what is -49928649 + 4?
-49928645
In base 16, what is 1061 - 262b?
-15ca
In base 9, what is 116002003 + -4?
116001888
In base 9, what is 5 - -6244316?
6244322
In base 13, what is -2a41 - 16c?
-2bb0
In base 16, what is 799 - -891d?
90b6
In base 6, what is 100143221 + 114?
100143335
In base 2, what is 1011100011 + 10110111001100?
11000010101111
In base 7, what is 14232356 + 3?
14232362
In base 4, what is -10 - -22000333200313?
22000333200303
In base 4, what is 3 + 333030333301?
333030333310
In base 8, what is -4 - 13136002?
-13136006
In base 6, what is 4115433 - -10?
4115443
In base 10, what is -48 + 49017?
48969
In base 2, what is 1011001001100011100 + -10000101110?
1011000111011101110
In base 9, what is 48818 + -443?
48365
In base 3, what is -22222201222011 + -20?
-22222201222101
In base 4, what is -13201212 - 13111?
-13220323
In base 13, what is -4aa88b - -8?
-4aa883
In base 6, what is 535355434 - -2?
535355440
In base 15, what is -7b48e + -1a8?
-7b647
In base 15, what is 0 + -81ed173?
-81ed173
In base 16, what is -5710f + -21?
-57130
In base 6, what is 1 + 31123301211?
31123301212
In base 11, what is 83a1 - -a72?
9363
In base 7, what is -156266 - 660?
-160256
In base 15, what is 5 + 1377407?
137740c
In base 11, what is -82707a0 - -1?
-827079a
In base 8, what is 1545 + -60614?
-57047
In base 3, what is 22 + -1021101011101?
-1021101011002
In base 2, what is 1 + -10100101001001001000110001?
-10100101001001001000110000
In base 16, what is -21 + -33204?
-33225
In base 3, what is -21000121112212 + 2101?
-21000121110111
In base 10, what is -2 + 12055000?
12054998
In base 6, what is -121253 + 22030?
-55223
In base 11, what is -63309a1 + 3?
-6330999
In base 13, what is -abbc - -1c1?
-a9cb
In base 11, what is 21081139 + -2?
21081137
In base 11, what is -121177 + 710?
-120567
In base 15, what is 5 - 21572c3?
-21572bd
In base 2, what is 1000 - -1001100100111000111100?
1001100100111001000100
In base 16, what is 6 - -afe19?
afe1f
In base 14, what is -7d4396a + 5?
-7d43965
In base 13, what is -8aba82 + -5?
-8aba87
In base 4, what is -133322 + 213003?
13021
In base 10, what is 4 - 2439996?
-2439992
In base 8, what is 11060 + -10762?
76
In base 6, what is -22103513 - 5?
-22103522
In base 16, what is -2eb23 - 3ca?
-2eeed
In base